{"id":15,"date":"2024-03-01T12:52:12","date_gmt":"2024-03-01T12:52:12","guid":{"rendered":"https:\/\/dummy.xtemos.com\/woodmart2\/vegetables-elementor\/?page_id=15"},"modified":"2026-04-09T14:26:00","modified_gmt":"2026-04-09T14:26:00","slug":"about-us","status":"publish","type":"page","link":"https:\/\/faisalgypsumwork.com\/ramza\/about-us\/","title":{"rendered":"About Us"},"content":{"rendered":"\t\t<div data-elementor-type=\"wp-page\" data-elementor-id=\"15\" class=\"elementor elementor-15\">\n\t\t\t\t<div class=\"wd-negative-gap elementor-element elementor-element-5123e6c e-flex e-con-boxed e-con e-parent\" data-id=\"5123e6c\" data-element_type=\"container\" data-e-type=\"container\">\n\t\t\t\t\t<div class=\"e-con-inner\">\n\t\t<div class=\"elementor-element elementor-element-d96a18c e-con-full e-flex e-con e-child\" data-id=\"d96a18c\" data-element_type=\"container\" data-e-type=\"container\">\n\t\t\t\t<div class=\"elementor-element elementor-element-6b5e06d wd-width-100 elementor-widget elementor-widget-wd_video\" data-id=\"6b5e06d\" data-element_type=\"widget\" data-e-type=\"widget\" data-widget_type=\"wd_video.default\">\n\t\t\t\t<div class=\"elementor-widget-container\">\n\t\t\t\t\t\n\t\t<div class=\"wd-el-video wd-action-without wd-video-hosted\">\n\t\t\t\t\t\t\t<video src=\"https:\/\/faisalgypsumwork.com\/ramza\/wp-content\/uploads\/2024\/03\/vg-about-us-vid.mp4\" playsinline loop muted autoplay poster=\"https:\/\/faisalgypsumwork.com\/ramza\/wp-content\/uploads\/2024\/03\/vg-about-us-image-opt.jpg\"><\/video>\t\t\t\n\t\t\t\n\t\t\t\n\t\t\t\t\t<\/div>\n\t\t\t\t\t\t<\/div>\n\t\t\t\t<\/div>\n\t\t\t\t<\/div>\n\t\t<div class=\"elementor-element elementor-element-cca9ce8 e-con-full e-flex e-con e-child\" data-id=\"cca9ce8\" data-element_type=\"container\" data-e-type=\"container\">\n\t\t\t\t<div class=\"elementor-element elementor-element-df0c631 wd-width-100 elementor-widget elementor-widget-wd_title\" data-id=\"df0c631\" data-element_type=\"widget\" data-e-type=\"widget\" data-widget_type=\"wd_title.default\">\n\t\t\t\t<div class=\"elementor-widget-container\">\n\t\t\t\t\t\t\t<div class=\"title-wrapper wd-set-mb reset-last-child wd-title-color-default wd-title-style-default wd-title-size-default text-left\">\n\n\t\t\t\n\t\t\t<div class=\"liner-continer\">\n\t\t\t\t<h4 class=\"woodmart-title-container title wd-fontsize-l\">Welcome to Ramza Store<\/h4> \n\t\t\t\t\t\t\t<\/div>\n\n\t\t\t\t\t<\/div>\n\t\t\t\t\t\t<\/div>\n\t\t\t\t<\/div>\n\t\t\t\t<div class=\"elementor-element elementor-element-c8aa6fe elementor-widget elementor-widget-wd_text_block\" data-id=\"c8aa6fe\" data-element_type=\"widget\" data-e-type=\"widget\" data-widget_type=\"wd_text_block.default\">\n\t\t\t\t<div class=\"elementor-widget-container\">\n\t\t\t\t\t\t\t<div class=\"wd-text-block reset-last-child text-left\">\n\t\t\t\n\t\t\t<p>Cr\u00e9\u00e9e en 2001, la soci\u00e9t\u00e9 SARL RAMZA domicili\u00e9e \u00e0 La Courneuve a pour activit\u00e9 principale l\u2019importation et la distribution en gros et d\u00e9tail de produits alimentaires en provenance des pays sud-asiatiques. En 2022, notre objectif est de cr\u00e9er le reflet notre soci\u00e9t\u00e9 sur une interface en ligne afin de pouvoir mettre nos produits \u00e0 disposition de tous. Ramzastore.fr est un magasin en ligne d\u2019alimentation sud-asiatique. Notre but est de pouvoir fournir les produits embl\u00e9matiques et essentiels de la cuisine pakistanaise et indienne pour les adeptes de cette culture. C\u2019est pourquoi nous proposons des articles avec le meilleur rapport qualit\u00e9\/prix. En effet, vous y trouverez un large choix de produits : \u00e9pices, farines, riz, l\u00e9gumineuses, laiteries et leurs d\u00e9riv\u00e9s de vari\u00e9t\u00e9s multiples.Cr\u00e9\u00e9e en 2001, la soci\u00e9t\u00e9 SARL RAMZA domicili\u00e9e \u00e0 La Courneuve a pour activit\u00e9 principale l\u2019importation et la distribution en gros et d\u00e9tail de produits alimentaires en provenance des pays sud-asiatiques. En 2022, notre objectif est de cr\u00e9er le reflet notre soci\u00e9t\u00e9 sur une interface en ligne afin de pouvoir mettre nos produits \u00e0 disposition de tous.Ramzastore.fr est un magasin en ligne d\u2019alimentation sud-asiatique. Notre but est de pouvoir fournir les produits embl\u00e9matiques et essentiels de la cuisine pakistanaise et indienne pour les adeptes de cette culture. C\u2019est pourquoi nous proposons des articles avec le meilleur rapport qualit\u00e9\/prix. En effet, vous y trouverez un large choix de produits : \u00e9pices, farines, riz, l\u00e9gumineuses, laiteries et leurs d\u00e9riv\u00e9s de vari\u00e9t\u00e9s multiples.<\/p>\n\t\t\t\t\t<\/div>\n\t\t\t\t\t\t<\/div>\n\t\t\t\t<\/div>\n\t\t<div class=\"wd-negative-gap elementor-element elementor-element-b7e9519 elementor-hidden-desktop elementor-hidden-tablet elementor-hidden-mobile e-flex e-con-boxed e-con e-child\" data-id=\"b7e9519\" data-element_type=\"container\" data-e-type=\"container\" data-settings=\"{&quot;background_background&quot;:&quot;classic&quot;}\">\n\t\t\t\t\t<div class=\"e-con-inner\">\n\t\t\t\t<div class=\"elementor-element elementor-element-720ff0a elementor-widget elementor-widget-wd_infobox\" data-id=\"720ff0a\" data-element_type=\"widget\" data-e-type=\"widget\" data-widget_type=\"wd_infobox.default\">\n\t\t\t\t<div class=\"elementor-widget-container\">\n\t\t\t\t\t\t\t<div class=\"info-box-wrapper\">\n\t\t\t<div class=\"wd-info-box text-left box-icon-align-left box-style-base color-scheme- wd-items-middle\">\n\t\t\t\t\t\t\t\t\t<div class=\"box-icon-wrapper  box-with-icon box-icon-simple\">\n\t\t\t\t\t\t<div class=\"info-box-icon\">\n\t\t\t\t\t\t\t\t\t\t\t\t\t\t\t<img loading=\"lazy\" decoding=\"async\" width=\"90\" height=\"90\" src=\"https:\/\/faisalgypsumwork.com\/ramza\/wp-content\/uploads\/2024\/03\/vg-team-rounded-4-opt-90x90.png\" class=\"attachment-90x90 size-90x90\" alt=\"\" srcset=\"https:\/\/faisalgypsumwork.com\/ramza\/wp-content\/uploads\/2024\/03\/vg-team-rounded-4-opt-90x90.png 90w, https:\/\/faisalgypsumwork.com\/ramza\/wp-content\/uploads\/2024\/03\/vg-team-rounded-4-opt-160x160.png 160w, https:\/\/faisalgypsumwork.com\/ramza\/wp-content\/uploads\/2024\/03\/vg-team-rounded-4-opt.png 240w\" sizes=\"auto, (max-width: 90px) 100vw, 90px\" \/>\t\t\t\t\t\t\t\t\t\t\t\t\t<\/div>\n\t\t\t\t\t<\/div>\n\t\t\t\t\n\t\t\t\t<div class=\"info-box-content\">\n\t\t\t\t\t\n\t\t\t\t\t\t\t\t\t\t\t<h4\t\t\t\t\t\tclass=\"info-box-title title box-title-style-default wd-fontsize-m\" data-elementor-setting-key=\"title\">\n\t\t\t\t\t\t\t\tJacob Jones\t\t\t\t\t\t<\/h4>\n\t\t\t\t\t\n\t\t\t\t\t<div class=\"info-box-inner reset-last-child\"data-elementor-setting-key=\"content\"><p><strong>Founder, CEO<\/strong><\/p>\n<\/div>\n\n\t\t\t\t\t\t\t\t\t<\/div>\n\n\t\t\t\t\t\t\t<\/div>\n\t\t<\/div>\n\t\t\t\t\t\t<\/div>\n\t\t\t\t<\/div>\n\t\t\t\t<div class=\"elementor-element elementor-element-7eb6eff elementor-widget elementor-widget-wd_text_block\" data-id=\"7eb6eff\" data-element_type=\"widget\" data-e-type=\"widget\" data-widget_type=\"wd_text_block.default\">\n\t\t\t\t<div class=\"elementor-widget-container\">\n\t\t\t\t\t\t\t<div class=\"wd-text-block reset-last-child text-left\">\n\t\t\t\n\t\t\t<p>Far far away, behind the word mountains, far from the countries and Consonantia, there live the blind texts separated they live in. Far far away, behind<\/p>\n\t\t\t\t\t<\/div>\n\t\t\t\t\t\t<\/div>\n\t\t\t\t<\/div>\n\t\t\t\t\t<\/div>\n\t\t\t\t<\/div>\n\t\t\t\t<\/div>\n\t\t\t\t\t<\/div>\n\t\t\t\t<\/div>\n\t\t<div class=\"wd-negative-gap elementor-element elementor-element-89bf40a e-flex e-con-boxed e-con e-parent\" data-id=\"89bf40a\" data-element_type=\"container\" data-e-type=\"container\" data-settings=\"{&quot;background_background&quot;:&quot;classic&quot;}\">\n\t\t\t\t\t<div class=\"e-con-inner\">\n\t\t<div class=\"wd-negative-gap elementor-element elementor-element-861ad0a e-flex e-con-boxed e-con e-child\" data-id=\"861ad0a\" data-element_type=\"container\" data-e-type=\"container\">\n\t\t\t\t\t<div class=\"e-con-inner\">\n\t\t<div class=\"elementor-element elementor-element-bcd9584 e-con-full e-flex e-con e-child\" data-id=\"bcd9584\" data-element_type=\"container\" data-e-type=\"container\">\n\t\t\t\t<div class=\"elementor-element elementor-element-6fca18a wd-width-100 elementor-widget elementor-widget-wd_title\" data-id=\"6fca18a\" data-element_type=\"widget\" data-e-type=\"widget\" data-widget_type=\"wd_title.default\">\n\t\t\t\t<div class=\"elementor-widget-container\">\n\t\t\t\t\t\t\t<div class=\"title-wrapper wd-set-mb reset-last-child wd-title-color-default wd-title-style-default wd-title-size-default text-left\">\n\n\t\t\t\n\t\t\t<div class=\"liner-continer\">\n\t\t\t\t<h4 class=\"woodmart-title-container title wd-fontsize-l\">We Work With the Best Partners<\/h4> \n\t\t\t\t\t\t\t<\/div>\n\n\t\t\t\t\t<\/div>\n\t\t\t\t\t\t<\/div>\n\t\t\t\t<\/div>\n\t\t\t\t<div class=\"elementor-element elementor-element-427a2fd elementor-widget elementor-widget-wd_text_block\" data-id=\"427a2fd\" data-element_type=\"widget\" data-e-type=\"widget\" data-widget_type=\"wd_text_block.default\">\n\t\t\t\t<div class=\"elementor-widget-container\">\n\t\t\t\t\t\t\t<div class=\"wd-text-block reset-last-child text-left\">\n\t\t\t\n\t\t\t<p>Far far away, behind the word mountains, far from the countries Vokalia and Consonantia, there live the blind texts. Separated they live in Bookmarks.<\/p>\n\t\t\t\t\t<\/div>\n\t\t\t\t\t\t<\/div>\n\t\t\t\t<\/div>\n\t\t\t\t<\/div>\n\t\t<div class=\"elementor-element elementor-element-2f09699 e-con-full e-flex e-con e-child\" data-id=\"2f09699\" data-element_type=\"container\" data-e-type=\"container\">\n\t\t\t\t<div class=\"elementor-element elementor-element-9f1e637 elementor-widget elementor-widget-wd_infobox\" data-id=\"9f1e637\" data-element_type=\"widget\" data-e-type=\"widget\" data-widget_type=\"wd_infobox.default\">\n\t\t\t\t<div class=\"elementor-widget-container\">\n\t\t\t\t\t\t\t<div class=\"info-box-wrapper\">\n\t\t\t<div class=\"wd-info-box text-left box-icon-align-top box-style-base color-scheme- with-btn box-btn-static\">\n\t\t\t\t\n\t\t\t\t<div class=\"info-box-content\">\n\t\t\t\t\t\n\t\t\t\t\t\t\t\t\t\t\t<h4\t\t\t\t\t\tclass=\"info-box-title title box-title-style-default wd-fontsize-m\" data-elementor-setting-key=\"title\">\n\t\t\t\t\t\t\t\tDo you want to become our partner?\t\t\t\t\t\t<\/h4>\n\t\t\t\t\t\n\t\t\t\t\t<div class=\"info-box-inner reset-last-child\"data-elementor-setting-key=\"content\"><p>We are always looking for interesting people with interesting ideas! We value a flat hierarchy, clear communication, full ownership and responsibility.<\/p>\n<\/div>\n\n\t\t\t\t\t\t\t\t\t\t\t<div class=\"info-btn-wrapper\">\n\t\t\t\t\t\t\t\t\t<div class=\"wd-button-wrapper text-left\" >\n\t\t\t<a class=\"btn btn-style-default btn-shape-semi-round btn-size-default btn-color-primary btn-icon-pos-right\"  href=\"https:\/\/faisalgypsumwork.com\/ramza\/contact-us\/\">\n\t\t\t\t<span class=\"wd-btn-text\" data-elementor-setting-key=\"text\">\n\t\t\t\t\tContact Us\t\t\t\t<\/span>\n\n\t\t\t\t\t\t\t<\/a>\n\t\t<\/div>\n\t\t\t\t\t\t\t\t<\/div>\n\t\t\t\t\t\t\t\t\t<\/div>\n\n\t\t\t\t\t\t\t<\/div>\n\t\t<\/div>\n\t\t\t\t\t\t<\/div>\n\t\t\t\t<\/div>\n\t\t\t\t<\/div>\n\t\t\t\t\t<\/div>\n\t\t\t\t<\/div>\n\t\t\t\t<div class=\"elementor-element elementor-element-51b1c99 elementor-widget elementor-widget-wd_products_brands\" data-id=\"51b1c99\" data-element_type=\"widget\" data-e-type=\"widget\" data-widget_type=\"wd_products_brands.default\">\n\t\t\t\t<div class=\"elementor-widget-container\">\n\t\t\t\t\t\t\t<div class=\"wd-brands brands-widget slider-brands_4986 wd-hover-alt wd-style-default text-left wd-layout-grid\" id=\"brands_4986\">\n\t\t\t\n\t\t\t<div class=\"wd-grid-g\" style=\"--wd-col-lg:5;--wd-col-md:3;--wd-col-sm:2;--wd-gap-lg:30px;--wd-gap-sm:10px;\" >\n\t\t\t\t\n\t\t\t\t\t\t\t\t\t\t\t<\/div>\n\n\t\t\t\t\t<\/div>\n\t\t\t\t\t\t<\/div>\n\t\t\t\t<\/div>\n\t\t\t\t\t<\/div>\n\t\t\t\t<\/div>\n\t\t<div class=\"wd-negative-gap elementor-element elementor-element-38c85a6 e-flex e-con-boxed e-con e-parent\" data-id=\"38c85a6\" data-element_type=\"container\" data-e-type=\"container\">\n\t\t\t\t\t<div class=\"e-con-inner\">\n\t\t\t\t<div class=\"elementor-element elementor-element-e4a92b0 wd-width-100 elementor-widget elementor-widget-wd_images_gallery\" data-id=\"e4a92b0\" data-element_type=\"widget\" data-e-type=\"widget\" data-widget_type=\"wd_images_gallery.default\">\n\t\t\t\t<div class=\"elementor-widget-container\">\n\t\t\t\t\t\t\t<div class=\"wd-images-gallery photoswipe-images wd-carousel-container\" style=\"--wd-align-items:center; --wd-justify-content:center;\">\n\t\t\t\t\t\t\t<div class=\"wd-carousel-inner\">\n\t\t\t\t\t\t<div class=\"wd-carousel wd-grid\" data-scroll_per_page=\"yes\" style=\"--wd-col-lg:3;--wd-col-md:3;--wd-col-sm:1;--wd-gap-lg:20px;--wd-gap-sm:10px;\">\n\t\t\t\t\t\t\t\t\t<div class=\"wd-carousel-wrap\">\n\t\t\t\t\t\t\t\t\t\t\t\t\t\t\t\t\t\t<div class=\"wd-gallery-item wd-carousel-item\">\n\t\t\t\t\t\t\t\t\t\t\t\t\t<a  href=\"https:\/\/faisalgypsumwork.com\/ramza\/wp-content\/uploads\/2024\/03\/vg-gallery-2-opt.jpg\" data-width=\"960\" data-height=\"680\" data-index=\"1\" data-elementor-open-lightbox=\"no\">\n\t\t\t\t\t\t\n\t\t\t\t\t\t<img loading=\"lazy\" decoding=\"async\" width=\"960\" height=\"680\" src=\"https:\/\/faisalgypsumwork.com\/ramza\/wp-content\/uploads\/2024\/03\/vg-gallery-2-opt.jpg\" class=\"attachment-full size-full\" alt=\"vg-gallery-2-opt\" \/>\n\t\t\t\t\t\t\t\t\t\t\t\t\t<\/a>\n\t\t\t\t\t\t\t\t\t\t\t<\/div>\n\t\t\t\t\t\t\t\t\t\t\t\t\t\t\t<div class=\"wd-gallery-item wd-carousel-item\">\n\t\t\t\t\t\t\t\t\t\t\t\t\t<a  href=\"https:\/\/faisalgypsumwork.com\/ramza\/wp-content\/uploads\/2024\/03\/vg-gallery-3-opt.jpg\" data-width=\"960\" data-height=\"680\" data-index=\"2\" data-elementor-open-lightbox=\"no\">\n\t\t\t\t\t\t\n\t\t\t\t\t\t<img loading=\"lazy\" decoding=\"async\" width=\"960\" height=\"680\" src=\"https:\/\/faisalgypsumwork.com\/ramza\/wp-content\/uploads\/2024\/03\/vg-gallery-3-opt.jpg\" class=\"attachment-full size-full\" alt=\"vg-gallery-3-opt\" \/>\n\t\t\t\t\t\t\t\t\t\t\t\t\t<\/a>\n\t\t\t\t\t\t\t\t\t\t\t<\/div>\n\t\t\t\t\t\t\t\t\t\t\t\t\t\t\t<div class=\"wd-gallery-item wd-carousel-item\">\n\t\t\t\t\t\t\t\t\t\t\t\t\t<a  href=\"https:\/\/faisalgypsumwork.com\/ramza\/wp-content\/uploads\/2024\/03\/vg-gallery-4-opt.jpg\" data-width=\"960\" data-height=\"680\" data-index=\"3\" data-elementor-open-lightbox=\"no\">\n\t\t\t\t\t\t\n\t\t\t\t\t\t<img loading=\"lazy\" decoding=\"async\" width=\"960\" height=\"680\" src=\"https:\/\/faisalgypsumwork.com\/ramza\/wp-content\/uploads\/2024\/03\/vg-gallery-4-opt.jpg\" class=\"attachment-full size-full\" alt=\"vg-gallery-4-opt\" \/>\n\t\t\t\t\t\t\t\t\t\t\t\t\t<\/a>\n\t\t\t\t\t\t\t\t\t\t\t<\/div>\n\t\t\t\t\t\t\t\t\t\t\t\t\t\t\t<div class=\"wd-gallery-item wd-carousel-item\">\n\t\t\t\t\t\t\t\t\t\t\t\t\t<a  href=\"https:\/\/faisalgypsumwork.com\/ramza\/wp-content\/uploads\/2024\/03\/vg-gallery-5-opt.jpg\" data-width=\"960\" data-height=\"680\" data-index=\"4\" data-elementor-open-lightbox=\"no\">\n\t\t\t\t\t\t\n\t\t\t\t\t\t<img loading=\"lazy\" decoding=\"async\" width=\"960\" height=\"680\" src=\"https:\/\/faisalgypsumwork.com\/ramza\/wp-content\/uploads\/2024\/03\/vg-gallery-5-opt.jpg\" class=\"attachment-full size-full\" alt=\"vg-gallery-5-opt\" \/>\n\t\t\t\t\t\t\t\t\t\t\t\t\t<\/a>\n\t\t\t\t\t\t\t\t\t\t\t<\/div>\n\t\t\t\t\t\t\t\t\t\t\t\t\t\t\t<div class=\"wd-gallery-item wd-carousel-item\">\n\t\t\t\t\t\t\t\t\t\t\t\t\t<a  href=\"https:\/\/faisalgypsumwork.com\/ramza\/wp-content\/uploads\/2024\/03\/vg-gallery-1-opt.jpg\" data-width=\"960\" data-height=\"680\" data-index=\"5\" data-elementor-open-lightbox=\"no\">\n\t\t\t\t\t\t\n\t\t\t\t\t\t<img loading=\"lazy\" decoding=\"async\" width=\"960\" height=\"680\" src=\"https:\/\/faisalgypsumwork.com\/ramza\/wp-content\/uploads\/2024\/03\/vg-gallery-1-opt.jpg\" class=\"attachment-full size-full\" alt=\"vg-gallery-1-opt\" \/>\n\t\t\t\t\t\t\t\t\t\t\t\t\t<\/a>\n\t\t\t\t\t\t\t\t\t\t\t<\/div>\n\t\t\t\t\t\t\t\t\t\t\t\t\t\t\t\t<\/div>\n\t\t\t\t\t\t\t\t<\/div>\n\t\t\t\t\t\t\t\t\t\t\t\t\t\t<div class=\"wd-nav-arrows wd-pos-sep wd-hover-1 wd-icon-1\">\n\t\t\t<div class=\"wd-btn-arrow wd-prev wd-disabled\">\n\t\t\t\t<div class=\"wd-arrow-inner\"><\/div>\n\t\t\t<\/div>\n\t\t\t<div class=\"wd-btn-arrow wd-next\">\n\t\t\t\t<div class=\"wd-arrow-inner\"><\/div>\n\t\t\t<\/div>\n\t\t<\/div>\n\t\t\t\t\t\t\n\t\t\t\t<\/div>\n\n\t\t\t\t\t\t\t\t\t\t\t\t\t<\/div>\n\t\t\t\t\t\t<\/div>\n\t\t\t\t<\/div>\n\t\t\t\t\t<\/div>\n\t\t\t\t<\/div>\n\t\t\t\t\t<link rel=\"stylesheet\" id=\"wd-collapsible-content-css\" href=\"https:\/\/faisalgypsumwork.com\/ramza\/wp-content\/themes\/woodmart\/css\/parts\/elem-opt-collapsible-content.min.css?ver=8.3.9\" type=\"text\/css\" media=\"all\" \/> \t\t\t<div class=\"wd-negative-gap elementor-element elementor-element-03c97ae wd-section-stretch wd-collapsible-content e-flex e-con-boxed e-con e-parent\" data-id=\"03c97ae\" data-element_type=\"container\" data-e-type=\"container\" data-settings=\"{&quot;background_background&quot;:&quot;classic&quot;}\">\n\t\t\t\t\t<div class=\"e-con-inner\">\n\t\t\t\t<div class=\"elementor-element elementor-element-94cd6f3 wd-width-100 elementor-widget elementor-widget-wd_title\" data-id=\"94cd6f3\" data-element_type=\"widget\" data-e-type=\"widget\" data-widget_type=\"wd_title.default\">\n\t\t\t\t<div class=\"elementor-widget-container\">\n\t\t\t\t\t\t\t<div class=\"title-wrapper wd-set-mb reset-last-child wd-title-color-default wd-title-style-default wd-title-size-default text-left\">\n\n\t\t\t\n\t\t\t<div class=\"liner-continer\">\n\t\t\t\t<h4 class=\"woodmart-title-container title wd-fontsize-l\">UN SERVICE EFFICACE &amp; COMPLET<\/h4> \n\t\t\t\t\t\t\t<\/div>\n\n\t\t\t\t\t<\/div>\n\t\t\t\t\t\t<\/div>\n\t\t\t\t<\/div>\n\t\t\t\t<div class=\"elementor-element elementor-element-197049f elementor-widget elementor-widget-wd_text_block\" data-id=\"197049f\" data-element_type=\"widget\" data-e-type=\"widget\" data-widget_type=\"wd_text_block.default\">\n\t\t\t\t<div class=\"elementor-widget-container\">\n\t\t\t\t\t\t\t<div class=\"wd-text-block reset-last-child text-left\">\n\t\t\t\n\t\t\t<p>Nous disposons d\u2019un d\u00e9p\u00f4t de distribution g\u00e9n\u00e9rale \u00e0 la Courneuve pour la vente aux professionnels et d\u2019une boutique reprenant les m\u00eames produits pour une vente ouverte aux particuliers. C\u2019est \u00e9galement \u00e0 cet endroit que nous pr\u00e9parons les commandes minutieusement, pr\u00eates \u00e0 \u00eatre envoy\u00e9es gr\u00e2ce \u00e0 notre syst\u00e8me de livraison rapide et efficace. Pour assurer cette garantie de service, nous proposons notre marchandise aux prix les plus bas, et de la livraison gratuite partout en Ile-de-France.<\/p>\n\t\t\t\t\t<\/div>\n\t\t\t\t\t\t<\/div>\n\t\t\t\t<\/div>\n\t\t\t\t<div class=\"elementor-element elementor-element-3d98fc1 elementor-widget elementor-widget-wd_text_block\" data-id=\"3d98fc1\" data-element_type=\"widget\" data-e-type=\"widget\" data-widget_type=\"wd_text_block.default\">\n\t\t\t\t<div class=\"elementor-widget-container\">\n\t\t\t\t\t\t\t<div class=\"wd-text-block reset-last-child text-left\">\n\t\t\t\n\t\t\t<h2 class=\"elementor-image-box-title\">POLITIQUE DE MARQUES<\/h2><p class=\"elementor-image-box-description\">La soci\u00e9t\u00e9 RAMZA a pour objectif de r\u00e9pondre aux attentes de sa client\u00e8le traditionnelle et de sa client\u00e8le occidentale adepte de la culture, d\u2019exotisme, c\u2019est pourquoi nous avons s\u00e9lectionn\u00e9 et import\u00e9 des produits principalement du Pakistan et de l\u2019Inde.En association, nous mettons \u00e9galement \u00e0 disposition les produits des meilleures gammes alimentaires de nombreux autres pays et r\u00e9gions notamment arabes et africains.Nous avons aussi comme ambition d\u2019\u00eatre fabricant et distributeur de notre propre marque, Ramza, distribu\u00e9e \u00e9galement au grand public.<\/p>\n\t\t\t\t\t<\/div>\n\t\t\t\t\t\t<\/div>\n\t\t\t\t<\/div>\n\t\t\t\t<div class=\"elementor-element elementor-element-6a323b2 elementor-widget elementor-widget-wd_text_block\" data-id=\"6a323b2\" data-element_type=\"widget\" data-e-type=\"widget\" data-widget_type=\"wd_text_block.default\">\n\t\t\t\t<div class=\"elementor-widget-container\">\n\t\t\t\t\t\t\t<div class=\"wd-text-block reset-last-child text-left\">\n\t\t\t\n\t\t\t<h2 class=\"elementor-image-box-title\">BRAND POLICY<\/h2><p class=\"elementor-image-box-description\">RAMZA aims to meet the expectations of its customers traditional culture and its Western clientele who love culture and exoticism, it is why we have selected and imported products mainly from Pakistan and India.<br \/><br \/>In association, we also make available the products of the best food ranges from many other countries and regions, particularly Arab and Africans.<br \/><br \/>We also have the ambition to be a manufacturer and distributor of our own brand, Ramza, also distributed to the general public.<\/p>\n\t\t\t\t\t<\/div>\n\t\t\t\t\t\t<\/div>\n\t\t\t\t<\/div>\n\t\t\t\t<div class=\"elementor-element elementor-element-33d45b9 elementor-widget elementor-widget-wd_button\" data-id=\"33d45b9\" data-element_type=\"widget\" data-e-type=\"widget\" data-widget_type=\"wd_button.default\">\n\t\t\t\t<div class=\"elementor-widget-container\">\n\t\t\t\t\t\t\t<div class=\"wd-button-wrapper text-left wd-collapsible-button\" >\n\t\t\t<a class=\"btn btn-style-default btn-shape-semi-round btn-size-default btn-icon-pos-right\"  href=\"#\">\n\t\t\t\t<span class=\"wd-btn-text\" data-elementor-setting-key=\"text\">\n\t\t\t\t\tRead more\t\t\t\t<\/span>\n\n\t\t\t\t\t\t\t\t\t<span class=\"wd-btn-icon\">\n\t\t\t\t\t\t<img decoding=\"async\"  src=\"https:\/\/faisalgypsumwork.com\/ramza\/wp-content\/uploads\/2024\/03\/chevron-down-black.svg\" title=\"chevron-down-black\" loading=\"lazy\" width=\"16\" height=\"16\">\t\t\t\t\t<\/span>\n\t\t\t\t\t\t\t<\/a>\n\t\t<\/div>\n\t\t\t\t\t\t<\/div>\n\t\t\t\t<\/div>\n\t\t\t\t\t<\/div>\n\t\t\t\t<\/div>\n\t\t\t\t<\/div>\n\t\t","protected":false},"excerpt":{"rendered":"<p>Welcome to Ramza Store Cr\u00e9\u00e9e en 2001, la soci\u00e9t\u00e9 SARL RAMZA domicili\u00e9e \u00e0 La Courneuve a pour activit\u00e9 principale l\u2019importation<\/p>\n","protected":false},"author":1,"featured_media":0,"parent":0,"menu_order":0,"comment_status":"closed","ping_status":"closed","template":"","meta":{"footnotes":""},"class_list":["post-15","page","type-page","status-publish","hentry"],"_links":{"self":[{"href":"https:\/\/faisalgypsumwork.com\/ramza\/wp-json\/wp\/v2\/pages\/15","targetHints":{"allow":["GET"]}}],"collection":[{"href":"https:\/\/faisalgypsumwork.com\/ramza\/wp-json\/wp\/v2\/pages"}],"about":[{"href":"https:\/\/faisalgypsumwork.com\/ramza\/wp-json\/wp\/v2\/types\/page"}],"author":[{"embeddable":true,"href":"https:\/\/faisalgypsumwork.com\/ramza\/wp-json\/wp\/v2\/users\/1"}],"replies":[{"embeddable":true,"href":"https:\/\/faisalgypsumwork.com\/ramza\/wp-json\/wp\/v2\/comments?post=15"}],"version-history":[{"count":6,"href":"https:\/\/faisalgypsumwork.com\/ramza\/wp-json\/wp\/v2\/pages\/15\/revisions"}],"predecessor-version":[{"id":3034,"href":"https:\/\/faisalgypsumwork.com\/ramza\/wp-json\/wp\/v2\/pages\/15\/revisions\/3034"}],"wp:attachment":[{"href":"https:\/\/faisalgypsumwork.com\/ramza\/wp-json\/wp\/v2\/media?parent=15"}],"curies":[{"name":"wp","href":"https:\/\/api.w.org\/{rel}","templated":true}]}}