{"id":2550,"date":"2026-04-09T14:22:35","date_gmt":"2026-04-09T14:22:35","guid":{"rendered":"https:\/\/faisalgypsumwork.com\/ramza\/?post_type=product&#038;p=2550"},"modified":"2026-04-09T14:22:52","modified_gmt":"2026-04-09T14:22:52","slug":"ktc-almond-oil","status":"publish","type":"product","link":"https:\/\/faisalgypsumwork.com\/ramza\/product\/ktc-almond-oil\/","title":{"rendered":"KTC Almond oil"},"content":{"rendered":"<p>KTC Almond oil 200g<\/p>\n<p class=\"card-text\"><span>L&#8217;huile d&#8217;amande KTC est 100% press\u00e9e, raffin\u00e9e et douce.\u00a0Cette huile polyvalente peut \u00eatre utilis\u00e9e pour la cuisine, le massage du corps et l&#8217;huile capillaire.<\/span><\/p>\n<p class=\"card-text\"><span>L&#8217;huile d&#8217;amande KTC est une riche source de vitamine E et de certains min\u00e9raux essentiels tels que le magn\u00e9sium et le calcium.<\/span><\/p>\n<p><span>L&#8217;huile d&#8217;amande crue rehausse le go\u00fbt des aliments, y compris les salades, les c\u00e9r\u00e9ales et les toasts.<\/span><\/p>\n<p><span>En plus d&#8217;\u00eatre un aliment nutritif, les amandes ont de nombreux avantages cosm\u00e9tiques.\u00a0Par exemple, l&#8217;utilisation de l&#8217;huile d&#8217;amande KTC dans vos cheveux peut aider \u00e0 r\u00e9hydrater, maintenir la couleur des cheveux et stimuler la croissance des cheveux.\u00a0Appliquer sur cheveux humides ou mouill\u00e9s.<\/span><\/p>\n","protected":false},"excerpt":{"rendered":"<p>KTC Almond oil<\/p>\n","protected":false},"featured_media":2596,"comment_status":"closed","ping_status":"closed","template":"","meta":[],"product_brand":[],"product_cat":[119],"product_tag":[],"class_list":{"0":"post-2550","1":"product","2":"type-product","3":"status-publish","4":"has-post-thumbnail","6":"product_cat-hair-care","8":"first","9":"instock","10":"shipping-taxable","11":"purchasable","12":"product-type-simple"},"_links":{"self":[{"href":"https:\/\/faisalgypsumwork.com\/ramza\/wp-json\/wp\/v2\/product\/2550","targetHints":{"allow":["GET"]}}],"collection":[{"href":"https:\/\/faisalgypsumwork.com\/ramza\/wp-json\/wp\/v2\/product"}],"about":[{"href":"https:\/\/faisalgypsumwork.com\/ramza\/wp-json\/wp\/v2\/types\/product"}],"replies":[{"embeddable":true,"href":"https:\/\/faisalgypsumwork.com\/ramza\/wp-json\/wp\/v2\/comments?post=2550"}],"version-history":[{"count":1,"href":"https:\/\/faisalgypsumwork.com\/ramza\/wp-json\/wp\/v2\/product\/2550\/revisions"}],"predecessor-version":[{"id":2597,"href":"https:\/\/faisalgypsumwork.com\/ramza\/wp-json\/wp\/v2\/product\/2550\/revisions\/2597"}],"wp:featuredmedia":[{"embeddable":true,"href":"https:\/\/faisalgypsumwork.com\/ramza\/wp-json\/wp\/v2\/media\/2596"}],"wp:attachment":[{"href":"https:\/\/faisalgypsumwork.com\/ramza\/wp-json\/wp\/v2\/media?parent=2550"}],"wp:term":[{"taxonomy":"product_brand","embeddable":true,"href":"https:\/\/faisalgypsumwork.com\/ramza\/wp-json\/wp\/v2\/product_brand?post=2550"},{"taxonomy":"product_cat","embeddable":true,"href":"https:\/\/faisalgypsumwork.com\/ramza\/wp-json\/wp\/v2\/product_cat?post=2550"},{"taxonomy":"product_tag","embeddable":true,"href":"https:\/\/faisalgypsumwork.com\/ramza\/wp-json\/wp\/v2\/product_tag?post=2550"}],"curies":[{"name":"wp","href":"https:\/\/api.w.org\/{rel}","templated":true}]}}